t common factor of 120 and z?
24
Let b be 498/21 + 4/14. Suppose 2*l = -0*l - 28. Let k = l + 30. What is the greatest common divisor of b and k?
8
Suppose -5*n - 2*i = -8, -6*n + n - i = -4. Suppose n = -4*x - 7 + 23. Calculate the greatest common divisor of x and 6.
2
Let k = -131 + 134. Calculate the highest common divisor of 33 and k.
3
Let s(j) = 2*j - 15. Let z be s(10). Suppose -z*l + 66 = -24. Let v(c) = 2*c + 11. Let u be v(8). Calculate the greatest common divisor of l and u.
9
Let b = -47 - -107. Suppose -6*d + 4*d + 164 = 0. Suppose 4*p - d = 14. What is the highest common factor of b and p?
12
Let q(u) = 6. Let i(l) = l + 1. Let j(k) = 2*i(k) - 2*q(k). Let d be j(9). Let o(g) = -g + 19. Let x be o(15). What is the highest common factor of x and d?
4
Let p be 3/2*370/(-15). Let j = p + 79. Calculate the highest common divisor of 28 and j.
14
Let o = 51 - 33. Let x = 26 - 14. What is the greatest common divisor of o and x?
6
Suppose 4*k - u + 5*u = 16, -k - 4*u - 2 = 0. Suppose 5 = 2*c - 1. What is the highest common divisor of c and k?
3
Suppose 3*f = -w + 2*w + 13, 0 = -5*w + 5*f - 15. What is the highest common factor of 10 and w?
2
Suppose 2*n - 10 - 8 = 0. What is the greatest common factor of n and 6?
3
Let k(w) = 20*w - 12. Let t be k(6). What is the highest common divisor of 12 and t?
12
Let f(l) = l**2 + 8*l + 2. Let k be f(-8). Suppose k*u - u = -3. Let v = u - -7. What is the highest common factor of v and 4?
4
Suppose -16 = -4*o + 5*m, 4*m + 17 = o + 6*m. What is the highest common divisor of 3 and o?
3
Suppose v + 2 = 2*v, -5*k + 140 = 5*v. Let z = 1 + 12. Calculate the highest common divisor of k and z.
13
Let h(u) = -u + 3. Let r be h(0). Suppose -r*s = i - 94, -140 = -4*s - 3*i - 8. Calculate the greatest common factor of s and 75.
15
Let p be 5/((-10)/(-6)) + 127. What is the greatest common divisor of 26 and p?
26
Let a(n) = -n**2 + 8*n - 2. Let k be (-14)/(-8)*(2 + 2). Let d be a(k). Let f = -11 - -16. What is the greatest common factor of f and d?
5
Suppose 2*d = -z + 4*d + 110, 0 = -4*z + 4*d + 424. Let w = -62 + z. Suppose -g + 2*g = w. What is the greatest common factor of g and 100?
20
Let z(p) = -p**3 + 16*p**2 + 19*p - 26. Let g be z(17). What is the highest common factor of 4 and g?
4
Suppose 12 = -2*d - 4*x, -3*d + 7*d = 5*x + 28. Let m(f) = 3*f - 8. Let y be m(6). Calculate the highest common factor of d and y.
2
Let v(z) = -3 - 56*z**3 - z + 7 - 5. Let n be v(-1). Calculate the highest common factor of 7 and n.
7
Suppose -5*n = 4*p - 424, 2*n + p = -2*n + 337. Let j be 4/56*-4 - 172/(-14). What is the highest common divisor of n and j?
12
Let c = 187 + -111. Calculate the highest common divisor of c and 19.
19
Let t be 94 - ((-336)/(-98) - 8/(-14)). What is the highest common factor of 5 and t?
5
Let g = 26 - 24. What is the greatest common divisor of 14 and g?
2
Suppose -j = -2*j + 28. Suppose 4*b - 112 + j = 0. Suppose 0*f - 2*f = -14. What is the highest common divisor of b and f?
7
Let i(k) = k**2 + k + 3. Let s be i(0). Let p = -4 + 7. Suppose 4 = p*f - 2. Calculate the highest common divisor of f and s.
1
Let j = 3 - -21. Let s be (16/j)/((-2)/(-15)). Suppose 0 = -f + s*f - 8. What is the highest common factor of f and 2?
2
Suppose -5*m + 255 = -0*z + 3*z, 3*z = m + 255. What is the highest common factor of 34 and z?
17
Let m be (-4 - -4) + 1 + 8. Let h be 74 + 4*3/(-6). What is the greatest common divisor of h and m?
9
Let a(v) = v**2 + 2*v + 18. Let s be a(-6). Calculate the highest common divisor of 21 and s.
21
Let p = -2 - -4. Suppose 3*a - 180 = -p*a. What is the greatest common divisor of a and 9?
9
Let g = 25 + -17. Suppose o = 3*c - 11, -4*c - 5*o + 4*o + 17 = 0. Suppose -w + 6 = m, 4*m - c*w + 17 = m. What is the greatest common factor of g and m?
1
Let d = 29 + 31. What is the greatest common divisor of d and 30?
30
Suppose 5 = s - 2*h, -5*s = -6*h + h - 40. Let a be (-1 - -1) + (-8)/(-2). Suppose -a*w = -5*w + 99. Calculate the greatest common factor of s and w.
11
Let r(u) = u**3 - 6*u**2 + 2*u - 3. Let b be (-90)/(-11) + (-4)/22. Let n be (6/b)/(3/24). Let m be r(n). What is the highest common factor of 3 and m?
3
Let o = -61 - -138. What is the highest common divisor of 11 and o?
11
Suppose 5*d + k = 59, -19 = -3*d + d - 5*k. Let p be (-36)/(-44) + (-2)/(-11). Let a be 4/(-2*p/(-2)). What is the highest common factor of a and d?
4
Let p be (45/(-4))/5*-4. Suppose v = 2*s + 9, 6*v - 3*v - 4*s - 27 = 0. Calculate the greatest common factor of v and p.
9
Suppose -4*l + 8*l = 8. What is the greatest common divisor of l and 14?
2
Let y = 5 + -2. Let p be 5 + (1 - 6) + 2. What is the highest common divisor of y and p?
1
Suppose 3*k = -w + 60, 0*k = k + 3*w - 12. Calculate the greatest common factor of k and 56.
7
Let y = 18 + -6. What is the highest common factor of 3 and y?
3
Suppose -w - 25 = -61. What is the highest common factor of 9 and w?
9
Suppose -7*z + 3*z + 3*w - 4 = 0, -z - 14 = -4*w. What is the greatest common factor of 4 and z?
2
Let c(p) = 3*p**2 - p + 5. Let q be c(2). What is the highest common factor of q and 300?
15
Let t = -6 + 22. Suppose 6*l - 2*l = -f - 46, -4*f + 4*l = 284. Let y be (f/(-2))/((-18)/(-96)). What is the highest common factor of y and t?
16
Let q(n) = n**2 + 2*n - 5. Let c be q(5). Let r = -39 + 70. Suppose -r - 9 = -2*u. What is the greatest common divisor of c and u?
10
Let r(o) = -o**3 - 2*o**2 + 4*o - 1. Let j be r(-3). Let t = j - -6. Let v be t + 3 + -4 - 0. What is the greatest common factor of 6 and v?
1
Suppose -w + 5 = 0, -t - 4*w = -6*t + 20. Calculate the greatest common factor of t and 2.
2
Suppose w - 5 - 87 = -4*q, -5*q + w + 124 = 0. What is the highest common divisor of 168 and q?
24
Let t be (20/(-1))/(3/(-9)). What is the highest common divisor of t and 12?
12
Let r(y) = -y. Let v be r(1). Let w be 12 + (-1 - 1) + v. Let g = 54 + 27. Calculate the greatest common divisor of w and g.
9
Let k = 3 - 1. Suppose 0 = -0*y + y + 5*p - 28, 5*p - 37 = -4*y. Suppose y*h = 3*f + 90, 5*h = -k*f + 82 + 82. What is the greatest common divisor of 8 and h?
8
Suppose 4*a + 72 = 2*a. Let p = a - -56. Let s be 27/(-6)*p/(-2). Calculate the greatest common factor of 5 and s.
5
Let h be 15 - 6*(-3)/6. What is the highest common divisor of h and 6?
6
Suppose 0 = -n - 5*v + 31, -n + 13 = 2*n - 5*v. Let c(g) = g - 3. Let k be c(14). What is the greatest common factor of k and n?
11
Let m = 11 + -5. Suppose -4*s + 3*z = 173, 0*s - 2*s - 84 = -4*z. Let n be (9/m)/((-3)/s). What is the greatest common divisor of n and 2?
2
Suppose -5*x = -0*x - 600. Let u(j) = -j**2 - 5*j + 2. Let w be u(-5). Suppose x = -0*m + w*m. What is the greatest common divisor of 12 and m?
12
Let g be (18/8)/(6/64). Calculate the highest common factor of g and 168.
24
Let m be 2/((-2)/(-3))*1. Let y = -301 + 316. Calculate the greatest common divisor of y and m.
3
Suppose -d - 1 + 4 = 4*z, 0 = z + 1. Suppose -3*b = -d*b + 40. Calculate the highest common factor of 15 and b.
5
Let h(y) = y**3 - 16*y**2 - 18*y + 19. Let a be h(17). What is the greatest common divisor of a and 14?
2
Let q(d) = 3*d**3 - 3*d**2 - 4*d - 1. Let x be q(3). What is the highest common divisor of x and 451?
41
Let k(j) = 2*j + 3*j - j - 11 - j. Let b be k(8). What is the greatest common factor of 13 and b?
13
Suppose -89 = 3*s + 2*q + 57, s - 4*q + 44 = 0. Let l be (3 + 9)/(-4) - s. What is the greatest common factor of l and 30?
15
Suppose 0 = 4*v + 2*j + 2*j - 52, -3*j - 15 = 0. Calculate the highest common divisor of 2 and v.
2
Let d(q) = -q**3 + 7*q**2 + 2. Let y be d(7). Calculate the greatest common divisor of 4 and y.
2
Suppose -y - 22 = -3*y. Suppose 9 = j - y. What is the highest common divisor of j and 20?
20
Suppose 0*n + 140 = 2*n. Calculate the highest common factor of 10 and n.
10
Let n = 33 - 29. Let h be 1186/n + 5/10. What is the greatest common factor of h and 33?
33
Let t(h) = h**3 - 5*h**2 + 2*h - 1. Let n be t(5). Suppose -1 = -5*q + n. What is the greatest common divisor of 1 and q?
1
Let p be (-4)/6 + 3416/84. What is the highest common factor of p and 10?
10
Suppose 5*r - j + 0*j = 41, -j + 4 = 0. Let d(h) = h**2 + h + 18. Let p be d(0). Calculate the highest common factor of r and p